{"id":281,"date":"2023-04-12T13:34:49","date_gmt":"2023-04-12T11:34:49","guid":{"rendered":"https:\/\/marshallhealthy.com\/?page_id=281"},"modified":"2023-04-25T09:52:53","modified_gmt":"2023-04-25T07:52:53","slug":"politica-de-cookies","status":"publish","type":"page","link":"https:\/\/marshallhealthy.com\/index.php\/politica-de-cookies\/","title":{"rendered":"Pol\u00edtica de cookies"},"content":{"rendered":"<p>[et_pb_section fb_built=\u00bb1&#8243; _builder_version=\u00bb4.4.7&#8243;][et_pb_row _builder_version=\u00bb4.4.7&#8243;][et_pb_column type=\u00bb4_4&#8243; _builder_version=\u00bb4.4.7&#8243;][et_pb_text _builder_version=\u00bb4.4.7&#8243; hover_enabled=\u00bb0&#8243;]<\/p>\n<h1><strong>POL\u00cdTICA DE COOKIES<\/strong><\/h1>\n<p>[\/et_pb_text][et_pb_text _builder_version=\u00bb4.4.7&#8243;]<\/p>\n<p style=\"font-weight: 400;\">\n<ol>\n<li>QU\u00c8 \u00c9S UNA\u00a0<span><\/span><span>COOKIE<\/span>?<\/li>\n<\/ol>\n<p style=\"font-weight: 400;\">\n<p style=\"font-weight: 400;\">Una<span>\u00a0<\/span><span>cookie<\/span><span>\u00a0\u00e9s un fitxer que es descarrega en el dispositiu que s&#8217;utilitza en accedir a un lloc web i permet emmagatzemar i recuperar informaci\u00f3. Les\u00a0<\/span><span>cookies<\/span><span>\u00a0faciliten, entre altres coses, recuperar h\u00e0bits de navegaci\u00f3 i prefer\u00e8ncies de navegaci\u00f3, recopilar informaci\u00f3 estad\u00edstica, etc. En aquesta Pol\u00edtica de\u00a0<\/span><span>Cookies<\/span><span>\u00a0<\/span>fem servir<span>\u00a0la paraula\u00a0<\/span><span>cookie<\/span><span>\u00a0per referir-nos a tots els fitxers que emmagatzemen informaci\u00f3 d&#8217;aquesta manera.<\/span><\/p>\n<p style=\"font-weight: 400;\">\n<ol start=\"2\">\n<li>QUINES\u00a0<span><\/span><span>COOKIES<\/span><span>\u00a0UTILITZEM?<\/span><\/li>\n<\/ol>\n<p style=\"font-weight: 400;\">\n<ul>\n<li style=\"font-weight: 400;\"><span>Cookies<\/span><span>\u00a0t\u00e8cniques. Permeten navegar pel lloc web i\u00a0usar\u00a0els serveis que ofereix,\u00a0incloent-hi\u00a0les\u00a0cookies\u00a0essencials. Per exemple, permeten la identificaci\u00f3 dels usuaris per accedir\u00a0al seu compte.<\/span><\/li>\n<li style=\"font-weight: 400;\"><span>Cookies<\/span><span>\u00a0anal\u00edtiques. Permeten obtenir informaci\u00f3 de car\u00e0cter general sobre la navegaci\u00f3 pel lloc web i proporcionar-nos informaci\u00f3 amb fins estad\u00edstics.<\/span><\/li>\n<li style=\"font-weight: 400;\"><span>Cookies<\/span><span>\u00a0de publicitat. Emmagatzemen informaci\u00f3 sobre els h\u00e0bits de navegaci\u00f3 de l&#8217;usuari i permeten elaborar un perfil estad\u00edstic amb fins publicitaris.<\/span><\/li>\n<li style=\"font-weight: 400;\"><span>Cookies<\/span><span>\u00a0pr\u00f2pies. Gestionades directament per Marshall\u00a0Healthy\u00a0Solutions.<\/span><\/li>\n<li style=\"font-weight: 400;\"><span>Cookies<\/span><span>\u00a0de tercers. Gestionades per una entitat diferent a Marshall\u00a0Healthy\u00a0Solutions.<\/span><\/li>\n<li style=\"font-weight: 400;\"><span>Cookies<\/span><span>\u00a0de sessi\u00f3. S&#8217;emmagatzemen i reben informaci\u00f3 durant la navegaci\u00f3 pel lloc web.<\/span><\/li>\n<li style=\"font-weight: 400;\"><span>Cookies<\/span><span>\u00a0persistents. Les dades s&#8217;emmagatzemen i s&#8217;usen\u00a0durant un per\u00edode de temps definit pel responsable de la\u00a0cookie.<\/span><\/li>\n<\/ul>\n<p style=\"font-weight: 400;\">\n<p style=\"font-weight: 400;\">\n<ol start=\"3\">\n<li><span>COOKIES\u00a0<\/span><span>DE TERCERS<\/span><\/li>\n<\/ol>\n<p style=\"font-weight: 400;\">\n<p style=\"font-weight: 400;\">El lloc web marshallhealthy.com utilitza<span>\u00a0<\/span><span>cookies<\/span><span>\u00a0pr\u00f2pies, t\u00e8cniques i de tercers per elaborar estad\u00edstiques i amb finalitats de m\u00e0rqueting.\u00a0<\/span>Fem servir<span>\u00a0<\/span><span>cookies<\/span><span>\u00a0de Facebook i de Google Ads amb finalitats de m\u00e0rqueting, publicitat i seguiment de les visites a altres llocs web.\u00a0<\/span>Fem servir<span>\u00a0<\/span><span>cookies<\/span><span>\u00a0de Google Analytics per analitzar la seva navegaci\u00f3 pel lloc web i obtenir estad\u00edstiques del seu \u00fas.<\/span><\/p>\n<p style=\"font-weight: 400;\">\n<p style=\"font-weight: 400;\">Google<span>\u00a0<\/span><span>LLC<\/span><span>\u00a0\u00e9s una companyia amb seu a 1600\u00a0<\/span><span>Amphitheatre<\/span><span>\u00a0<\/span><span>Parkway<\/span>, Mountain View, Calif\u00f2rnia 94043, Estats Units (EUA). Per obtenir m\u00e9s informaci\u00f3, consulteu el seg\u00fcent enlla\u00e7:<\/p>\n<p style=\"font-weight: 400;\">\n<ul>\n<li style=\"font-weight: 400;\"><a href=\"https:\/\/policies.google.com\/technologies\/cookies?hl=es#how-google-uses-cookies\">https:\/\/policies.google.com\/technologies\/cookies?hl=es#how-google-uses-cookies<\/a><\/li>\n<\/ul>\n<p style=\"font-weight: 400;\">\n<p style=\"font-weight: 400;\">Facebook<span>\u00a0<\/span>Inc.<span>\u00a0\u00e9s una companyia amb seu a 1 Hacker\u00a0<\/span><span>Way<\/span>, Menlo Park, Calif\u00f2rnia 94025, Estats Units (EUA). Per obtenir m\u00e9s informaci\u00f3, consulteu el seg\u00fcent enlla\u00e7:<\/p>\n<p style=\"font-weight: 400;\">\n<ul>\n<li style=\"font-weight: 400;\"><a href=\"https:\/\/es-es.facebook.com\/business\/help\/742478679120153?id=1205376682832142\">https:\/\/es-es.facebook.com\/business\/help\/742478679120153?id=1205376682832142<\/a><\/li>\n<\/ul>\n<p style=\"font-weight: 400;\">\n<ol start=\"4\">\n<li>GESTIONAR LES\u00a0<span><\/span><span>COOKIES<\/span><\/li>\n<\/ol>\n<p style=\"font-weight: 400;\">\n<p style=\"font-weight: 400;\">Per gestionar la configuraci\u00f3 de les<span>\u00a0<\/span><span>cookies<\/span><span>\u00a0podeu accedir en tot moment al panell de gesti\u00f3 de\u00a0<\/span><span>cookies<\/span><span>\u00a0dins del lloc web. A m\u00e9s, podeu gestionar les\u00a0<\/span><span>cookies<\/span><span>\u00a0a trav\u00e9s del men\u00fa de configuraci\u00f3 del navegador que\u00a0<\/span>useu. Si l&#8217;usuari rebutja totes les<span>\u00a0<\/span><span>cookies<\/span><span>\u00a0<\/span><span>podr\u00e0<\/span><span>\u00a0accedir al lloc web marshallhealthy.com amb la\u00a0<\/span>conseq\u00fc\u00e8ncia<span>\u00a0d&#8217;acceptar algunes limitacions en el mateix.<\/span><\/p>\n<p style=\"font-weight: 400;\">\n<p><span style=\"font-weight: 400;\">La pol\u00edtica de<span>\u00a0<\/span><\/span><span style=\"font-weight: 400;\">cookies<\/span><span style=\"font-weight: 400;\">\u00a0est\u00e0 sotmesa a canvis o modificacions. Recomanem que cada vegada que accediu al lloc web reviseu aquest apartat per estar degudament informat.<\/span><\/p>\n<p>[\/et_pb_text][\/et_pb_column][\/et_pb_row][\/et_pb_section]<\/p>\n","protected":false},"excerpt":{"rendered":"<p>[et_pb_section fb_built=\u00bb1&#8243; _builder_version=\u00bb4.4.7&#8243;][et_pb_row _builder_version=\u00bb4.4.7&#8243;][et_pb_column type=\u00bb4_4&#8243; _builder_version=\u00bb4.4.7&#8243;][et_pb_text _builder_version=\u00bb4.4.7&#8243; hover_enabled=\u00bb0&#8243;] POL\u00cdTICA DE COOKIES [\/et_pb_text][et_pb_text _builder_version=\u00bb4.4.7&#8243;] QU\u00c8 \u00c9S UNA\u00a0COOKIE? Una\u00a0cookie\u00a0\u00e9s un fitxer que es descarrega en el dispositiu que s&#8217;utilitza en accedir a un lloc web i permet emmagatzemar i recuperar informaci\u00f3. Les\u00a0cookies\u00a0faciliten, entre altres coses, recuperar h\u00e0bits de navegaci\u00f3 i prefer\u00e8ncies de navegaci\u00f3, recopilar informaci\u00f3 estad\u00edstica, etc. [&hellip;]<\/p>\n","protected":false},"author":1,"featured_media":0,"parent":0,"menu_order":0,"comment_status":"closed","ping_status":"closed","template":"","meta":{"_et_pb_use_builder":"on","_et_pb_old_content":"","_et_gb_content_width":"","footnotes":""},"class_list":["post-281","page","type-page","status-publish","hentry"],"yoast_head":"<!-- This site is optimized with the Yoast SEO plugin v27.5 - https:\/\/yoast.com\/product\/yoast-seo-wordpress\/ -->\n<title>Pol\u00edtica de cookies - Marshall Healthy Solutions<\/title>\n<meta name=\"robots\" content=\"index, follow, max-snippet:-1, max-image-preview:large, max-video-preview:-1\" \/>\n<link rel=\"canonical\" href=\"https:\/\/marshallhealthy.com\/index.php\/politica-de-cookies\/\" \/>\n<meta property=\"og:locale\" content=\"es_ES\" \/>\n<meta property=\"og:type\" content=\"article\" \/>\n<meta property=\"og:title\" content=\"Pol\u00edtica de cookies - Marshall Healthy Solutions\" \/>\n<meta property=\"og:description\" content=\"[et_pb_section fb_built=\u00bb1&#8243; _builder_version=\u00bb4.4.7&#8243;][et_pb_row _builder_version=\u00bb4.4.7&#8243;][et_pb_column type=\u00bb4_4&#8243; _builder_version=\u00bb4.4.7&#8243;][et_pb_text _builder_version=\u00bb4.4.7&#8243; hover_enabled=\u00bb0&#8243;] POL\u00cdTICA DE COOKIES [\/et_pb_text][et_pb_text _builder_version=\u00bb4.4.7&#8243;] QU\u00c8 \u00c9S UNA\u00a0COOKIE? Una\u00a0cookie\u00a0\u00e9s un fitxer que es descarrega en el dispositiu que s&#8217;utilitza en accedir a un lloc web i permet emmagatzemar i recuperar informaci\u00f3. Les\u00a0cookies\u00a0faciliten, entre altres coses, recuperar h\u00e0bits de navegaci\u00f3 i prefer\u00e8ncies de navegaci\u00f3, recopilar informaci\u00f3 estad\u00edstica, etc. [&hellip;]\" \/>\n<meta property=\"og:url\" content=\"https:\/\/marshallhealthy.com\/index.php\/politica-de-cookies\/\" \/>\n<meta property=\"og:site_name\" content=\"Marshall Healthy Solutions\" \/>\n<meta property=\"article:modified_time\" content=\"2023-04-25T07:52:53+00:00\" \/>\n<meta name=\"twitter:card\" content=\"summary_large_image\" \/>\n<meta name=\"twitter:label1\" content=\"Tiempo de lectura\" \/>\n\t<meta name=\"twitter:data1\" content=\"2 minutos\" \/>\n<script type=\"application\/ld+json\" class=\"yoast-schema-graph\">{\"@context\":\"https:\\\/\\\/schema.org\",\"@graph\":[{\"@type\":\"WebPage\",\"@id\":\"https:\\\/\\\/marshallhealthy.com\\\/index.php\\\/politica-de-cookies\\\/\",\"url\":\"https:\\\/\\\/marshallhealthy.com\\\/index.php\\\/politica-de-cookies\\\/\",\"name\":\"Pol\u00edtica de cookies - Marshall Healthy Solutions\",\"isPartOf\":{\"@id\":\"https:\\\/\\\/marshallhealthy.com\\\/#website\"},\"datePublished\":\"2023-04-12T11:34:49+00:00\",\"dateModified\":\"2023-04-25T07:52:53+00:00\",\"breadcrumb\":{\"@id\":\"https:\\\/\\\/marshallhealthy.com\\\/index.php\\\/politica-de-cookies\\\/#breadcrumb\"},\"inLanguage\":\"es\",\"potentialAction\":[{\"@type\":\"ReadAction\",\"target\":[\"https:\\\/\\\/marshallhealthy.com\\\/index.php\\\/politica-de-cookies\\\/\"]}]},{\"@type\":\"BreadcrumbList\",\"@id\":\"https:\\\/\\\/marshallhealthy.com\\\/index.php\\\/politica-de-cookies\\\/#breadcrumb\",\"itemListElement\":[{\"@type\":\"ListItem\",\"position\":1,\"name\":\"Portada\",\"item\":\"https:\\\/\\\/marshallhealthy.com\\\/\"},{\"@type\":\"ListItem\",\"position\":2,\"name\":\"Pol\u00edtica de cookies\"}]},{\"@type\":\"WebSite\",\"@id\":\"https:\\\/\\\/marshallhealthy.com\\\/#website\",\"url\":\"https:\\\/\\\/marshallhealthy.com\\\/\",\"name\":\"Marshall Healthy Solutions\",\"description\":\"Servicios a domicilio de fisioterapia, entrenamiento personal y masajes terap\u00e9uticos\",\"publisher\":{\"@id\":\"https:\\\/\\\/marshallhealthy.com\\\/#organization\"},\"potentialAction\":[{\"@type\":\"SearchAction\",\"target\":{\"@type\":\"EntryPoint\",\"urlTemplate\":\"https:\\\/\\\/marshallhealthy.com\\\/?s={search_term_string}\"},\"query-input\":{\"@type\":\"PropertyValueSpecification\",\"valueRequired\":true,\"valueName\":\"search_term_string\"}}],\"inLanguage\":\"es\"},{\"@type\":\"Organization\",\"@id\":\"https:\\\/\\\/marshallhealthy.com\\\/#organization\",\"name\":\"Marshall Healthy Solutions\",\"url\":\"https:\\\/\\\/marshallhealthy.com\\\/\",\"logo\":{\"@type\":\"ImageObject\",\"inLanguage\":\"es\",\"@id\":\"https:\\\/\\\/marshallhealthy.com\\\/#\\\/schema\\\/logo\\\/image\\\/\",\"url\":\"https:\\\/\\\/marshallhealthy.com\\\/wp-content\\\/uploads\\\/2023\\\/04\\\/778e163d-e48e-4408-bced-7c5c0b19ef48-2.jpg\",\"contentUrl\":\"https:\\\/\\\/marshallhealthy.com\\\/wp-content\\\/uploads\\\/2023\\\/04\\\/778e163d-e48e-4408-bced-7c5c0b19ef48-2.jpg\",\"width\":1024,\"height\":1011,\"caption\":\"Marshall Healthy Solutions\"},\"image\":{\"@id\":\"https:\\\/\\\/marshallhealthy.com\\\/#\\\/schema\\\/logo\\\/image\\\/\"}}]}<\/script>\n<!-- \/ Yoast SEO plugin. -->","yoast_head_json":{"title":"Pol\u00edtica de cookies - Marshall Healthy Solutions","robots":{"index":"index","follow":"follow","max-snippet":"max-snippet:-1","max-image-preview":"max-image-preview:large","max-video-preview":"max-video-preview:-1"},"canonical":"https:\/\/marshallhealthy.com\/index.php\/politica-de-cookies\/","og_locale":"es_ES","og_type":"article","og_title":"Pol\u00edtica de cookies - Marshall Healthy Solutions","og_description":"[et_pb_section fb_built=\u00bb1&#8243; _builder_version=\u00bb4.4.7&#8243;][et_pb_row _builder_version=\u00bb4.4.7&#8243;][et_pb_column type=\u00bb4_4&#8243; _builder_version=\u00bb4.4.7&#8243;][et_pb_text _builder_version=\u00bb4.4.7&#8243; hover_enabled=\u00bb0&#8243;] POL\u00cdTICA DE COOKIES [\/et_pb_text][et_pb_text _builder_version=\u00bb4.4.7&#8243;] QU\u00c8 \u00c9S UNA\u00a0COOKIE? Una\u00a0cookie\u00a0\u00e9s un fitxer que es descarrega en el dispositiu que s&#8217;utilitza en accedir a un lloc web i permet emmagatzemar i recuperar informaci\u00f3. Les\u00a0cookies\u00a0faciliten, entre altres coses, recuperar h\u00e0bits de navegaci\u00f3 i prefer\u00e8ncies de navegaci\u00f3, recopilar informaci\u00f3 estad\u00edstica, etc. [&hellip;]","og_url":"https:\/\/marshallhealthy.com\/index.php\/politica-de-cookies\/","og_site_name":"Marshall Healthy Solutions","article_modified_time":"2023-04-25T07:52:53+00:00","twitter_card":"summary_large_image","twitter_misc":{"Tiempo de lectura":"2 minutos"},"schema":{"@context":"https:\/\/schema.org","@graph":[{"@type":"WebPage","@id":"https:\/\/marshallhealthy.com\/index.php\/politica-de-cookies\/","url":"https:\/\/marshallhealthy.com\/index.php\/politica-de-cookies\/","name":"Pol\u00edtica de cookies - Marshall Healthy Solutions","isPartOf":{"@id":"https:\/\/marshallhealthy.com\/#website"},"datePublished":"2023-04-12T11:34:49+00:00","dateModified":"2023-04-25T07:52:53+00:00","breadcrumb":{"@id":"https:\/\/marshallhealthy.com\/index.php\/politica-de-cookies\/#breadcrumb"},"inLanguage":"es","potentialAction":[{"@type":"ReadAction","target":["https:\/\/marshallhealthy.com\/index.php\/politica-de-cookies\/"]}]},{"@type":"BreadcrumbList","@id":"https:\/\/marshallhealthy.com\/index.php\/politica-de-cookies\/#breadcrumb","itemListElement":[{"@type":"ListItem","position":1,"name":"Portada","item":"https:\/\/marshallhealthy.com\/"},{"@type":"ListItem","position":2,"name":"Pol\u00edtica de cookies"}]},{"@type":"WebSite","@id":"https:\/\/marshallhealthy.com\/#website","url":"https:\/\/marshallhealthy.com\/","name":"Marshall Healthy Solutions","description":"Servicios a domicilio de fisioterapia, entrenamiento personal y masajes terap\u00e9uticos","publisher":{"@id":"https:\/\/marshallhealthy.com\/#organization"},"potentialAction":[{"@type":"SearchAction","target":{"@type":"EntryPoint","urlTemplate":"https:\/\/marshallhealthy.com\/?s={search_term_string}"},"query-input":{"@type":"PropertyValueSpecification","valueRequired":true,"valueName":"search_term_string"}}],"inLanguage":"es"},{"@type":"Organization","@id":"https:\/\/marshallhealthy.com\/#organization","name":"Marshall Healthy Solutions","url":"https:\/\/marshallhealthy.com\/","logo":{"@type":"ImageObject","inLanguage":"es","@id":"https:\/\/marshallhealthy.com\/#\/schema\/logo\/image\/","url":"https:\/\/marshallhealthy.com\/wp-content\/uploads\/2023\/04\/778e163d-e48e-4408-bced-7c5c0b19ef48-2.jpg","contentUrl":"https:\/\/marshallhealthy.com\/wp-content\/uploads\/2023\/04\/778e163d-e48e-4408-bced-7c5c0b19ef48-2.jpg","width":1024,"height":1011,"caption":"Marshall Healthy Solutions"},"image":{"@id":"https:\/\/marshallhealthy.com\/#\/schema\/logo\/image\/"}}]}},"_links":{"self":[{"href":"https:\/\/marshallhealthy.com\/index.php\/wp-json\/wp\/v2\/pages\/281","targetHints":{"allow":["GET"]}}],"collection":[{"href":"https:\/\/marshallhealthy.com\/index.php\/wp-json\/wp\/v2\/pages"}],"about":[{"href":"https:\/\/marshallhealthy.com\/index.php\/wp-json\/wp\/v2\/types\/page"}],"author":[{"embeddable":true,"href":"https:\/\/marshallhealthy.com\/index.php\/wp-json\/wp\/v2\/users\/1"}],"replies":[{"embeddable":true,"href":"https:\/\/marshallhealthy.com\/index.php\/wp-json\/wp\/v2\/comments?post=281"}],"version-history":[{"count":8,"href":"https:\/\/marshallhealthy.com\/index.php\/wp-json\/wp\/v2\/pages\/281\/revisions"}],"predecessor-version":[{"id":399,"href":"https:\/\/marshallhealthy.com\/index.php\/wp-json\/wp\/v2\/pages\/281\/revisions\/399"}],"wp:attachment":[{"href":"https:\/\/marshallhealthy.com\/index.php\/wp-json\/wp\/v2\/media?parent=281"}],"curies":[{"name":"wp","href":"https:\/\/api.w.org\/{rel}","templated":true}]}}